on factor of 377702 and 13.
13
Calculate the greatest common factor of 2376 and 6264.
216
What is the highest common factor of 111 and 413031?
111
Calculate the greatest common factor of 110565 and 8235.
135
Calculate the highest common divisor of 567224 and 3528.
392
Calculate the highest common factor of 414169 and 14.
7
Calculate the greatest common factor of 3104 and 1056.
32
What is the greatest common divisor of 5980 and 6955?
65
What is the highest common divisor of 437 and 1541?
23
What is the greatest common factor of 14562 and 252?
18
What is the greatest common divisor of 1084 and 239022?
542
Calculate the greatest common divisor of 7326 and 16650.
666
What is the highest common factor of 37 and 280201?
37
Calculate the greatest common factor of 4 and 659054.
2
Calculate the greatest common divisor of 58519 and 842.
421
Calculate the greatest common factor of 329733 and 9.
9
What is the highest common divisor of 58 and 1441474?
58
Calculate the highest common divisor of 323392 and 35208.
1304
What is the highest common factor of 800 and 68300?
100
Calculate the greatest common divisor of 12 and 6843.
3
What is the greatest common factor of 4 and 35760?
4
Calculate the highest common factor of 20 and 293840.
20
Calculate the greatest common divisor of 104887 and 53.
53
What is the greatest common factor of 141568 and 40?
8
What is the highest common divisor of 969 and 15?
3
What is the greatest common factor of 742196 and 364?
364
What is the highest common divisor of 364880 and 80?
80
Calculate the highest common factor of 472241 and 77.
77
Calculate the highest common divisor of 4 and 13564.
4
Calculate the greatest common divisor of 8778 and 381216.
1254
Calculate the greatest common divisor of 1410626 and 476.
238
Calculate the greatest common factor of 589176 and 3780.
252
Calculate the greatest common divisor of 2033 and 304.
19
What is the greatest common divisor of 66546 and 306?
18
Calculate the greatest common factor of 5704 and 3224.
248
What is the greatest common factor of 996 and 93375?
249
Calculate the greatest common divisor of 210 and 317910.
30
Calculate the highest common divisor of 70669 and 17.
17
Calculate the highest common divisor of 1026 and 12780.
18
What is the highest common factor of 11 and 3793823?
11
Calculate the highest common divisor of 7923 and 703.
19
What is the greatest common factor of 188003 and 136?
17
Calculate the highest common factor of 9751 and 398.
199
Calculate the highest common factor of 18974 and 159.
53
What is the greatest common divisor of 750 and 74125?
125
What is the greatest common divisor of 24108 and 8446?
82
Calculate the highest common factor of 339 and 11383281.
339
What is the greatest common factor of 22103 and 1178?
31
What is the greatest common divisor of 412989 and 15?
3
Calculate the greatest common divisor of 1560 and 309120.
120
What is the greatest common divisor of 42 and 190590?
6
What is the greatest common factor of 1928 and 17111?
241
Calculate the highest common factor of 44 and 15994.
22
Calculate the greatest common divisor of 36 and 333306.
18
What is the greatest common divisor of 1238571 and 729?
729
Calculate the greatest common divisor of 837 and 403713.
279
Calculate the highest common divisor of 2228 and 84107.
557
What is the highest common divisor of 7952 and 6532?
284
Calculate the greatest common divisor of 1557255 and 105.
105
What is the highest common factor of 17289 and 452?
113
Calculate the highest common factor of 343724 and 8.
4
Calculate the greatest common divisor of 8694 and 10166.
46
What is the greatest common factor of 125350 and 50?
50
What is the highest common divisor of 2322 and 2616?
6
Calculate the greatest common factor of 517 and 7843.
11
What is the highest common factor of 2052 and 29052?
108
What is the greatest common factor of 8059190 and 68?
34
Calculate the highest common divisor of 3 and 61263.
3
Calculate the greatest common factor of 2952 and 1763.
41
Calculate the highest common factor of 3 and 40695.
3
What is the highest common divisor of 122915 and 465?
155
What is the highest common factor of 234 and 32076?
18
What is the highest common divisor of 497344 and 256?
64
What is the highest common divisor of 200496 and 1296?
48
What is the highest common factor of 84371 and 238?
119
What is the highest common factor of 3572 and 2356?
76
What is the greatest common divisor of 24178 and 29202?
314
What is the greatest common factor of 23 and 233059?
23
Calculate the highest common divisor of 1988631 and 81.
81
What is the highest common factor of 65 and 253710?
5
What is the greatest common divisor of 120 and 53865?
15
Calculate the greatest common factor of 10132 and 13261.
149
Calculate the highest common divisor of 23316 and 9744.
348
What is the highest common divisor of 1606402 and 14?
14
What is the highest common factor of 57246 and 84?
42
What is the highest common factor of 52 and 580?
4
What is the highest common factor of 828 and 203458?
46
What is the greatest common divisor of 432 and 704112?
48
What is the highest common divisor of 2340 and 46?
2
Calculate the highest common divisor of 225692 and 68.
68
What is the highest common divisor of 20 and 589060?
20
Calculate the greatest common factor of 659502 and 92.
46
What is the highest common factor of 104075 and 23575?
575
What is the highest common divisor of 100350 and 450?
450
What is the highest common factor of 145084 and 3569?
83
What is the highest common factor of 13 and 5125666?
13
Calculate the highest common factor of 720 and 37980.
180
Calculate the greatest common factor of 49571 and 608.
19
What is the greatest common factor of 9380 and 4816?
28
What is the highest common divisor of 675 and 2350?
25
Calculate the greatest common factor of 333 and 303165.
9
What is the highest common divisor of 772 and 448?
4
Calculate the greatest common factor of 6582 and 162.
6
Calculate the greatest common factor of 38907 and 10923.
33
Calculate the highest common factor of 102 and 148614.
102
Calculate the greatest common divisor of 27679 and 5909.
311
Calculate the greatest common factor of 394 and 465708.
394
What is the highest common divisor of 39358 and 726?
22
What is the greatest common divisor of 267900 and 76?
76
What is the highest common factor of 1020 and 75540?
60
What is the greatest common factor of 16637 and 1441?
131
What is the highest common factor of 111320 and 7480?
440
Calculate the greatest common divisor of 11573 and 497.
71
What is the greatest common divisor of 116475 and 75?
75
What is the highest common divisor of 625068 and 108?
36
Calculate the greatest common divisor of 16511 and 44.
11
What is the greatest common divisor of 312 and 31944?
24
Calculate the highest common factor of 429 and 181005.
33
What is the highest common divisor of 1916035 and 3025?
605
What is the highest common factor of 405090 and 225?
45
What is the highest common factor of 13455 and 292905?
1035
Calculate the greatest common divisor of 8 and 2016712.
8
What is the greatest common divisor of 90 and 924240?
30
What is the highest common divisor of 25198 and 2322?
86
Calculate the highest common divisor of 108 and 710082.
18
Calculate the greatest common divisor of 1596 and 8232.
84
What is the highest common factor of 374 and 1938?
34
What is the highest common divisor of 5748 and 516?
12
What is the highest common divisor of 16 and 792464?
16
Calculate the greatest common factor of 125 and 136725.
25
What is the greatest common divisor of 823822 and 109?
109
Calculate the greatest common divisor of 274820 and 7020.
260
Calculate the greatest common factor of 263 and 8153.
263
Calculate the highest common divisor of 70 and 1146370.
10
Calculate the greatest common divisor of 193065 and 1266.
633
What is the highest common divisor of 14100 and 4900?
100
Calculate the greatest common factor of 33 and 52818.
3
What is the greatest common factor of 289 and 125426?
289
What is the greatest common factor of 2408543 and 17?
17
What is the greatest common factor of 5640 and 66505?
235
Calculate the highest common divisor of 1429968 and 4464.
1488
What is the highest common factor of 8569 and 428032?
209
What is the greatest common factor of 23460